w(-4). Suppose o - p*f = f - 24, 2*o + f + 3 = 0. What are the prime factors of 1/(-2) + (-170)/o?
2, 3, 7
List the prime factors of (51*(-2)/(-8))/(34 + 1787435/(-52572)).
3, 17, 337
Let k(z) = 63*z - 16. Let q(m) = 0*m + 2 + 64*m - 8 - 9. Let h(r) = 3*k(r) - 2*q(r). What are the prime factors of h(3)?
3, 5, 11
Let b(s) = s**3 + 21*s**2 - 34*s + 37. Let y be b(-22). Let g = -46 + y. List the prime factors of g.
3, 5, 17
Suppose 5*a + 0*a - 28230 = 0. What are the prime factors of a?
2, 3, 941
Suppose -4108*z = -4097*z - 457699. List the prime factors of z.
41609
Let x(r) = r**2 + 18*r - 11. Let y be x(-17). Let n be y/42 + ((-964)/(-6) - 1). Let i = 276 - n. List the prime factors of i.
3, 13
Let w(a) = a**3 + 18*a**2 - 5*a + 6. Let y be w(-18). Let j = y + -53. Suppose 41 + j = k. List the prime factors of k.
2, 3, 7
What are the prime factors of 8 - (400022/(-14) - -13)?
2, 3571
Let o(t) = 4*t + 177. Let s be o(-45). Let d(p) = -3*p**3 + p**2 + 1. List the prime factors of d(s).
7, 13
Suppose -4*v + 7*m - 6*m = -4569, 5*v = -2*m + 5695. List the prime factors of 3 + (v - (-4 - -12)).
2, 71
Suppose -70911 = -3*p + 2053*v - 2056*v, -23642 = -p - 2*v. List the prime factors of p.
2, 7, 211
Suppose 0 = 6*w + 931 - 127. Let m = w - -223. Suppose o + 3*r = -15 + m, 3*o = -4*r + 212. What are the prime factors of o?
2, 17
Let j = 137041 - 97036. List the prime factors of j.
3, 5, 7, 127
Suppose 6 + 4 = 5*t. Suppose -t*d + w = -0*w + 1, 5 = -5*d + 2*w. List the prime factors of (3/(-1))/d + 69.
2, 5, 7
Let h(x) be the first derivative of x**4/4 + 20*x**3/3 + 5*x**2 + 11*x + 29. List the prime factors of h(-18).
479
Suppose 4*l + 9 - 29 = 0. Suppose 3*f - l = -2*j, -4*j - j - 25 = -5*f. What are the prime factors of 2 + 156 + 6/3 - j?
2, 3
Suppose 4*t = i + 2*i + 9, -5*t + i = -3. What are the prime factors of -3 + (-3 - -7 - -1739 - t)?
2, 3, 5, 29
Suppose 558678 + 373666 = 51*y + 226963. List the prime factors of y.
13831
Let h(n) = 58*n + 117. Let c(v) = 175*v + 351. Let f(y) = -3*c(y) + 8*h(y). List the prime factors of f(-5).
2, 47
Suppose 45*x + 96395 = 350690. What are the prime factors of x?
5651
Let z = 17 + -8. Let a(n) be the third derivative of n**6/120 - n**5/6 + 11*n**4/24 + 2*n**3/3 + 96*n**2. What are the prime factors of a(z)?
2, 11
Let n(c) = -5*c + 9 - 3*c**2 + 6*c**2 + c. Let y be n(5). Suppose 3*u - 15 = -2*i + 177, i = u - y. List the prime factors of u.
2
List the prime factors of -1*(0 - -1)*(-2)/4*10628.
2, 2657
Let g(n) = 17 + 64*n + 6*n - 2 + 174*n + 2. List the prime factors of g(3).
7, 107
Suppose -3*i + 1 = -k - 3, -k = -4*i + 6. Let m be (12/8)/((i + -1)/(-48)). List the prime factors of (2 - m)/2*3.
3, 37
Let r = 106 - 628. Let v be r/(-63) - (-2)/(-7). Let h(q) = 4*q**2 - 12*q. List the prime factors of h(v).
2, 5
Let q(b) = 3*b**2 - 40*b + 1200. List the prime factors of q(18).
2, 3, 11
Let w(k) = 9*k**2 + 149*k + 7. What are the prime factors of w(21)?
5, 7, 29
Let t(z) = -5*z**2 + 902*z - 31. What are the prime factors of t(119)?
2, 18251
Suppose -43*m = -40*m - 6, k = 5*m + 4072. What are the prime factors of k?
2, 13, 157
Let f = -187 - -187. Suppose -v - 2*y + 245 = -f*v, 0 = -4*v - 3*y + 960. What are the prime factors of v?
3, 79
Let t = -16552 + 72645. What are the prime factors of t?
56093
Let a be (37 - -3) + (-9)/(27/12). List the prime factors of (189/a*-178)/(6/(-8)).
2, 7, 89
Let m(r) = 227*r**2 + 164*r + 1389. What are the prime factors of m(-9)?
2, 3, 5, 61
Suppose 2*l - 4*u + 2*u = -8, 2*l + 5*u + 1 = 0. Let c be (69 + 0)*13/l. Let g = c + 473. List the prime factors of g.
2, 3, 29
Let k(z) = -z**3 - 6*z**2 - 3*z + 10. Let n be k(-5). Suppose n = -4*c + 143 + 3301. What are the prime factors of c?
3, 7, 41
Suppose 0 = 28*n + 51*n - 1224026. List the prime factors of n.
2, 61, 127
Suppose -24*y - 2016 = -25*y. Suppose 5*g - 826 = -y. Let c = -96 - g. What are the prime factors of c?
2, 71
Let a = 9044 - 2411. What are the prime factors of a?
3, 11, 67
List the prime factors of 1/(((-914172)/(-228544) + -4)/((-21)/28)).
2, 3, 3571
Suppose 0 = -17*h - 34 + 119. Suppose 80 = h*t - 945. What are the prime factors of t?
5, 41
Suppose 1664 = -36*b + 34604. Suppose 5*x = -2*q + 351, -6*q + b = -q + 5*x. What are the prime factors of q?
2, 47
Suppose 4*m + 1 = v, 20 = 5*v - v. List the prime factors of (-3)/m - (-30 + -316).
7
Let u(m) = 76*m**3 - 2*m**2 - 2*m - 2. Let s be u(-2). Let h = -350 - s. List the prime factors of h.
2, 3, 11
Let q(s) = 5*s + 37. Let l be q(-2). List the prime factors of ((-5 - -2) + 5)/(6/l).
3
Suppose -21 = -b + 4*x - 1, 2*b + 3*x = -4. Let u(o) = -9*o**2 - 16*o + 8. Let v(d) = d**2 + 3*d - 1. Let a(i) = -u(i) - 6*v(i). List the prime factors of a(b).
2, 19
Suppose -7*b = -5*b + 106. Let u = 401 + b. Suppose 0 = -14*v + 17*v - u. List the prime factors of v.
2, 29
What are the prime factors of (-155)/10 + 14 - 37449/(-2)?
3, 79
Suppose -22*h + 584394 = -138460. What are the prime factors of h?
11, 29, 103
Suppose 2*u - 6*u = 6*u. Suppose 3*b + 142 - 1975 = u. List the prime factors of b.
13, 47
Suppose -2*c + 8*c - 6024 = 0. Suppose c = 2*f + 4*p, 0*p + 992 = 2*f + p. Suppose 0 = -4*h + u + f + 3, 509 = 4*h + 3*u. What are the prime factors of h?
5
Suppose -4 = 6*s - 28. Suppose -s*q - 5*r + 96 + 137 = 0, -4*r = -2*q + 84. List the prime factors of q.
2, 13
Let o = 33 - 21. Suppose o = 3*c - 3. Suppose 85 + 335 = c*z. What are the prime factors of z?
2, 3, 7
What are the prime factors of 20 + (-2 - -31098) - 19?
11, 257
Suppose 32*y = 7*y - 75. List the prime factors of (0 + 317/y)/((-15)/45).
317
Let d(b) = 114*b**2 - 146*b + 68. What are the prime factors of d(16)?
2, 3, 2243
Let v be -2*2*(-19 - -5). What are the prime factors of (-2)/((6/v)/((-165)/40))?
7, 11
Let c = 1946 + -1000. Let u = c - 649. List the prime factors of u.
3, 11
Suppose -57*p + 107*p = 36*p + 159068. What are the prime factors of p?
2, 13, 19, 23
Let j = 57052 - 33782. What are the prime factors of j?
2, 5, 13, 179
Suppose -3*v + 45 = 5*p, -p + 2*p + v - 7 = 0. Let n be -1 - 1 - (5 - 7). Suppose p*u - 56 - 172 = n. What are the prime factors of u?
19
Let a(o) = 516*o**2 + 72*o - 54. List the prime factors of a(5).
2, 3, 31, 71
Let r = -67 + 66. List the prime factors of -4 - -3*(210 - (2 + r)).
7, 89
Let z(x) = 3*x - 15. Let v(r) = -10*r + 44. Let q(t) = 4*v(t) + 11*z(t). Let a(h) = -1. Let p(i) = 21*a(i) + 3*q(i). List the prime factors of p(-5).
3, 13
Let u be -6*(-1 + 3)/4. Suppose 2*x + 0*x + m + 16 = 0, -x + m - 8 = 0. List the prime factors of -2*(124/x + u).
37
Let t(b) = 4775*b**2 - 519*b + 16. List the prime factors of t(3).
2, 20717
List the prime factors of 9/(180/115)*1108.
23, 277
Let u be (-23)/(1035/(-189)) - (-2)/(-10). Suppose 2*s = -7*t + 11*t + 808, -u*t + 2090 = 5*s. What are the prime factors of s?
2, 3, 23
Suppose -3*i - 24497 = -u, 8*i - 10*i - 73484 = -3*u. What are the prime factors of u?
2, 37, 331
Let d = 335 + 108. Suppose 0 = 8*p - 5 - d. Suppose -94 = -t + 3*a - 32, p = t + 3*a. What are the prime factors of t?
59
Suppose 0 = 2*a - 5*l + 33, -12*a - 3*l + 2*l = 415. Suppose -2*d = 5*j + 2*d - 36, j = d. What are the prime factors of j - a/(-9) - (-2800)/36?
2, 3, 13
Let d(s) = -s**3 - s**2 - 5*s - 11. Let q be d(-2). Suppose -585 = -q*k + 1878. List the prime factors of k.
821
Suppose 3*p + f = 14915 + 42413, f = p - 19112. Suppose -20*d = d - p. What are the prime factors of d?
2, 5, 7, 13
Let f = -32561 + 48003. List the prime factors of f.
2, 7, 1103
Suppose -5*w - 4 = 4*f + 29, 0 = 5*f - 5*w - 15. Let o = 516 - f. List the prime factors of o.
2, 7, 37
Suppose -2*d + 5*p + 12339 = 0, -d - p + 4035 = -2138. What are the prime factors of d?
2, 1543
Let i be -10 + 12/2 + 7379. Suppose 3*v = -22*v + i. What are the prime factors of v?
5, 59
Suppose 6 = 4*o - i, -3*o + o - 2*i = -8. Suppose -3*u = -3*z - 6, 10 = -4*z + 2. Suppose u = -h + o*h - 21. What are the prime factors of h?
3, 7
Suppose -3*z - 14 = 5*i - 39, -4*i = -3*z + 7. Suppose -2*w - 46 = -z*k + w, -4*w + 1 = -k. Suppose 48 = k*x - 876. What are the prime factors of x?
2, 3, 7
Let v(g) = 5*g**3 + 2*g - g**3 - 5*g**3 - 4*g + 86 + 37*g**2. What are the prime factors of v(36)?
2, 5, 131
Suppose 3*x - 5*q = 935, 5